 + (22 + -2 - 13) - (-11 - 1)?
-31
123 - 54 - (30 + 17)
22
40 + (-133 - (-79 + 18))
-32
Calculate 70 + -33 - (-55 - -115).
-23
Evaluate (11 - -11) + -10 + -22 + -20.
-30
Calculate 83 + (-104 + 187 - 131).
35
-2 + (11 - 16 - (-40 + 29)) + -31 + -1
-28
Calculate ((-14 - -14 - -9) + 4 - -2) + 79 - 12.
82
What is the value of 1 - ((79 - 78) + 0 + -17 + 149 + 0)?
-132
Calculate 1 + -10 - (-2086 - -2063 - ((-4 - 1) + 1)).
10
Calculate -76 + (4 + (6 - 9) - 5) + (-5 - -11).
-74
What is the value of -1 - -57 - (187 + -129)?
-2
What is the value of (46 - 65 - -32) + (-39 - 1)?
-27
What is 30 - (52 + -23 + 20)?
-19
Calculate 236 - 276 - (15 - 12).
-43
What is the value of -67 - (-94 - (38 - 73))?
-8
What is the value of 20 + 19 + -31 + -2 + 19?
25
Calculate 36 + (-57 - 0) - -159 - (-3 - -6 - -9).
126
0 + (20 - 11) + -27 + 8
-10
What is -50 - (-1 + -162) - -13?
126
What is 2 + (10 - (9 - 0)) + 4 - 22?
-15
What is (76 - 82 - (-14 - -1)) + (-3 + 7 - -1)?
12
What is (244 - 325) + 82 + 43 + 0?
44
What is the value of 22 - (-14 - -19 - -10) - (-10 - 1)?
18
Calculate 7 + (13 - -12) + -11 - -8.
29
Evaluate 3 - 8 - (-26 + 5) - -8.
24
What is the value of (26 + -29 - (1 + -6 + -4)) + (-14 - -8)?
0
(-3 - 7) + (-36 + 19 - 2)
-29
What is (-50 + -19 + 44 - -43) + -1 + -56?
-39
What is the value of (25 + -2 - (-60 - (37 - -32))) + -23?
129
Calculate -2 - -134 - (43 - (-15 - (-43 - 26))).
143
Calculate 1 + 45 + (376 - 357).
65
What is -20 - (-51 - -30 - (-9 + 21))?
13
-66 - (43 + -75 + -9)
-25
What is the value of (486 - 468) + (1 - -4) + -22?
1
Evaluate -106 + 172 + (-75 - -96).
87
What is the value of 39 - ((38 - 77) + 40)?
38
Calculate -5822 + 5922 - (-1 + 0).
101
58 + (-5 - -11) + (-1 - (3 - (-10 + 2)))
52
-4845 - -4761 - (2 - 182)
96
Calculate -62 + (37 - -59) + 2.
36
Evaluate 2 - (-1 - -3) - (-8 + -2) - (-52 - -75).
-13
What is the value of -5 + (8 - (-2 - 70 - -11)) - 9?
55
-47816 - -47773 - (1 + (0 - 8))
-36
Calculate (-27 - ((-4 - 17) + 12)) + -20.
-38
Evaluate -7 - 2 - -3 - 5 - (-67 + 7).
49
Calculate 0 - (-18 + (-4 + -1 - (0 - -3))).
26
((-18 - 4) + 21 - 0) + 8 - (0 + -109)
116
Evaluate -2 - -37 - -24 - (-8 + -2 + 7 - 7).
69
What is the value of (-252 - -232) + 2 + -3 - 1?
-22
What is the value of -38 + -24 + 9 + 59?
6
Evaluate -2 - -18 - (160 + -160 + 6 + 3).
7
Evaluate 19 - (0 - 3) - (1370 - 1389).
41
What is 68 - (-63 - -73) - 83?
-25
What is the value of -64 - (-3 + 2 - 2 - (-2 + 2))?
-61
What is the value of -9 - ((11 - (10 - -7)) + (-8 - -2) + -9)?
12
What is the value of -240 + 226 + -25 + 10?
-29
What is 44 - 119 - (-48 - -2)?
-29
What is the value of (5440 - 5525) + -44 + -2?
-131
Evaluate 4 + 1 + -21 - (4 - 20).
0
5 + 31 + (19 - 38) + (-2 - 4) + -29
-18
What is the value of -19 + (0 + 11 - (-231 + 226))?
-3
Evaluate -9 + 122 + -1 + -2 + -104 + -7 + 97.
96
What is the value of -1 + -57 - (4894 - 4893)?
-59
What is the value of (-1 - -41) + 2255 + -2347?
-52
Evaluate -10 + (11 - -3) + (8 - -53) + 7 + -9.
63
52 + -12 - ((-8 - -37) + -18)
29
What is the value of 27 - (28 - (-3 - (0 + -6) - -7) - 8)?
17
What is the value of 0 - (-2 - -2 - -3) - (346 - 357) - -102?
110
What is -2028 - -2023 - (-2 - -6)?
-9
What is (-13 - (-21 - -1) - 26) + (-4 - -2)?
-21
Calculate 90 - 159 - (-17 + (20 - -23)).
-95
Calculate (-46 - -6) + 49 - 0.
9
Evaluate -6 + (31 + -137 - -75).
-37
What is 6 - ((16 - 7) + (55 - 14))?
-44
Calculate 70 + -63 + -7 + 5.
5
What is the value of (0 - (1 - 1 - 1)) + 4 + -65 + 121?
61
What is the value of -306 + 283 + (4 - -4)?
-15
What is the value of -21 + -84 + 68 + -8?
-45
(229 + -219 - (10 + 0)) + 37
37
Evaluate 42 - (134 + -37) - 14.
-69
Evaluate 13 + (22 - (-32 + 24 + 127)).
-84
Calculate 1 + (4 - 6) + (-7 + 0 - (-115 + 189)).
-82
What is -3 + -7 - -26 - ((6 - 20) + 8)?
22
What is the value of -8 + 0 + -391 + 447 + (-13 - -1)?
36
(-163 - -183) + (-43 - (6 + -5))
-24
Calculate -120 + 39 + (26 - 1 - 61).
-117
Calculate (-3299 - -3287) + (5 - 3) + -9.
-19
Evaluate 189 + -161 + -3 + -30 + 1.
-4
Evaluate (86 - (0 - 1)) + (55 + -90 - -65 - 31).
86
Calculate 5 + -44 + -4 + (-15 + 35 - 15) + -5.
-43
Calculate -47 + (77 - (30 + -80)).
80
What is the value of 10 - (-24 - (-19 - -13) - -21)?
7
What is 18 - (35 + 97 + -71)?
-43
What is -9 + (2 + 6 - -3 - (4 - -6) - -19)?
11
What is the value of -89 + 66 + (15 + 14 - 43)?
-37
(91 - 74) + (-11 - (5 + -45))
46
What is 239 - 306 - (-42 + 44)?
-69
Calculate 3 - (-10 - (2 + -1 + -5) - -8) - 54.
-53
What is the value of 19 - ((26 + -4 - 4) + -24)?
25
Evaluate -7 + -1 + 17 + 1 + (-6 - (-38 + -25)).
67
What is 22 + -1 + 1 + 43 + 6 + -49?
22
Evaluate (-56 - -8) + (194 + -58 - -44).
132
What is the value of 19 - (74 + -73 + -20 - (-126 + 1))?
-87
Calculate (9 + -11 - 17) + (121 - 70).
32
Calculate 2 - (-21 - (-5 + 6 + -11 + 3 + 4)).
20
-78 + (58 - (-36 + 41))
-25
Calculate (-2 - (18 + -3) - (5 - 20)) + -50.
-52
What is (126 - 100) + 2 + 8 + -54?
-18
-5 + 0 + (1 + -91 - (100 - 124))
-71
20 - 3 - (2 + (33 - 48) + 9)
21
-5 - -23 - -27 - -27
72
Calculate (-220 - -288) + 37 - ((0 - -1) + 3 + -8).
109
Calculate 11 - (-29 - (2 + 3 - (-4 + 2))).
47
54 + 22 + -19 + -97
-40
Evaluate -51 - 0 - (3 + (24 + -66 - -41)) - 6.
-59
What is the value of 9 - ((13 - (24 + -5) - (36 + 1)) + -2)?
54
Calculate 88 - (19 - 11 - (-5 + (-12 - (-12 - 13)))).
88
Evaluate -6 + 0 + (7 - 1) - 10 - (0 - 74).
64
What is -26 - ((-93 - -9) + 31) - 102?
-75
Evaluate 24 - (-25 + 28 + 2 + -12 + (-9 - -22)).
18
Evaluate -9 - 4 - (-19 + (-6 - (-92 - -3)) + 4).
-81
62 - (81 + -80 + 92)
-31
What is the value of (2 - (1 - -17 - -33)) + -7?
-56
Calculate -5 - -27 - (10 + 21 + -39).
30
Calculate -13 + 55 - (-43 + 51 + 1 + -11).
44
Evaluate (1 + 13 - (-10 - -17)) + 2 - -4.
13
Calculate (-18 - -8) + (-280 - -202).
-88
489 + -492 - (0 + 31)
-34
What is 50 + 2 + -13 + -3 + 7?
43
What is -46 + 1 + (-219 - -245)?
-19
What is (-10 - (-7 + 7 + -12)) + (-4 - 2)?
-4
(1 - 25) + (81 - (-6 + 77)) + -5
-19
-43 + (62 - 4) + -12 + 0 - 3
0
Calculate -47 + (41 - (-28 + 26)) + 19.
15
Evaluate (15 + 9 - 1) + (-29 - 36).
-42
What is the value of (20 + 49 - 52) + 1 + 29?
47
Evaluate (-14 - -32) + (-17 - -25 - -18).
44
What is 22 + (-14 - 7) + -1 + -1 + (3 - 29)?
-27
Calculate 2 + (-11 + 27 - 11) + -9 - 47.
-49
What is the value of 53 - ((3 - 16) + (11 - 7 - (11 + -16)))?
57
What is (48 - 16 - 17) + -13 + (34 - 18)?
18
Evaluate (-2333 - -2254) + 28 + 1.
-50
Calculate 16 + -62 + 10 - -17.
-19
Evaluate -225 + 212 - (-4 - 47).
38
Evaluate -7 - (-19 - (31 + 17)).
60
Calculate -82 + -60 + 61 + 72.
-9
Evaluate 50 + -50 - (-147 + 88).
59
What is 0 + 2 + (36 - 1 - 3) + -41?
-7
12 - 53 - -2 - 3
-42
-3 - (12 + (7 + -20 + -3 - -8))
-7
Evaluate (-2 - 30) + -13 + -10 + -123 + 112.
-66
Calculate 3 + 36 + -15 + ((-4 - -2) + 2 - -8).
32
(-28 - -6 - -11 - -32) + -46
-25
What is the value of (-12 - (-2 + -13)) + (3 - ((1 - -6) + 6))?
-7
(56 - -4) + 4 + 41 + (22 - 32 - 21)
74
Calculate -32 - 1 - (-5 - (-2 + 5 - -4)).
-21
Evaluate -17 + (0 - 2 - 7 - 31) + 10.
-47
17 + (78 + 34 - 11) + 15
133
Calculate 55 + -14 + 1 + 13 + -8 + 3.
50
What is the value of 3 + 2 + 100 + 79 + -83 - (1 - 10)?
110
0 + 2 + (-2 - 61) - (-138 + -26 + 162)
-59
Evaluate 1 + 99 + (-99 + -40 - -110).
71
What is -152 - -15 - (31 + -93)?
-75
What is the value of (0 + -3 - -8) + 4 + 29 + -23?
15
Evaluate (3 - (6 - 2)) + (-26 + 57 - 25 - -52).
57
What is the value of -3 + 0 + (-562 - -599) + 0 + 5 + -1?
38
What is the value of 16 + 0 - (-216 - -165) - 19 - -12?
60
Evaluate -292 + 281 + (34 - 4 - (-2 - -6)).
15
What is 0 + 7 + -24 + -22 + -5?
-44
Evaluate (20 + (-5 - -1) - (14 - 21)) + -3.
20
Calculate (18 - (-14 - -49 - 16)) + (-8 - -1).
-8
What is the value of -2 + (2 - -72) - (-217 - (-89 - 112))?
88
(42 - 56) + 27 + -4
9
Calculate -20 + -14 + 58 + -49.
-25
2 + 1 + -141 - (-303 + (56 - -229))
-120
Calculate 0 + 40 + (4 - -21 - 20) + -2.
43
What is the value of 0 - (-18 - (34 + (-43 - -41)))?
50
Evaluate 17 - (45 - (8 + 4) - 15).
-1
Calculate -8 + -112 - ((3 - (-17 - (4 - 12))) + -5).
-127
What is the value of (-7 + 32 + -14 - 38) + 7?
-20
What is the value of 15 + (19 - (29 + -24)) + -54?
-25
What is (20 + -46 + 36 - 7) + 0 + 36?
39
Evaluate (1 - 17) + -92 + 24 + 9 + 91.
16
263 + -259 - (-1 + (55 - 0))
-50
Calculate (58 - 226 